, 6277
List the prime factors of 106643.
47, 2269
What are the prime factors of 91863?
3, 59, 173
List the prime factors of 1825985.
5, 7, 29, 257
List the prime factors of 2114804.
2, 23, 127, 181
What are the prime factors of 501156?
2, 3, 13921
List the prime factors of 388112.
2, 127, 191
List the prime factors of 365350.
2, 5, 7307
List the prime factors of 37297011.
3, 379, 32803
List the prime factors of 1144416.
2, 3, 7, 13, 131
What are the prime factors of 441341?
109, 4049
List the prime factors of 151910.
2, 5, 11, 1381
What are the prime factors of 3650215?
5, 23, 31741
What are the prime factors of 949760?
2, 5, 7, 53
What are the prime factors of 5547990?
2, 3, 5, 7, 29, 911
What are the prime factors of 8455917?
3, 2818639
What are the prime factors of 1561787?
71, 21997
List the prime factors of 4387659.
3, 269, 5437
What are the prime factors of 230831?
19, 12149
What are the prime factors of 5572229?
13, 428633
List the prime factors of 1277102.
2, 29, 97, 227
What are the prime factors of 1139972?
2, 23, 12391
List the prime factors of 316714.
2, 158357
What are the prime factors of 1511095?
5, 31, 9749
What are the prime factors of 9023247?
3, 1002583
What are the prime factors of 25062?
2, 3, 4177
What are the prime factors of 459303?
3, 13, 11777
List the prime factors of 1008614.
2, 504307
List the prime factors of 2025512.
2, 47, 5387
What are the prime factors of 548195?
5, 109639
What are the prime factors of 6077826?
2, 3, 59, 97
List the prime factors of 600919.
11, 54629
List the prime factors of 563445.
3, 5, 19, 659
List the prime factors of 1353300.
2, 3, 5, 13, 347
What are the prime factors of 1421709?
3, 43, 103, 107
What are the prime factors of 373100?
2, 5, 7, 13, 41
List the prime factors of 853541.
13, 65657
List the prime factors of 3667304.
2, 19, 23, 1049
What are the prime factors of 4179772?
2, 19, 43, 1279
List the prime factors of 215074.
2, 53, 2029
What are the prime factors of 15416623?
15416623
List the prime factors of 6578475.
3, 5, 239, 367
List the prime factors of 104610.
2, 3, 5, 11, 317
List the prime factors of 205721.
205721
List the prime factors of 70119.
3, 7, 53
List the prime factors of 934915.
5, 17, 647
List the prime factors of 8422957.
331, 25447
What are the prime factors of 19367266?
2, 9683633
List the prime factors of 16060.
2, 5, 11, 73
List the prime factors of 798736.
2, 49921
List the prime factors of 263518.
2, 131759
List the prime factors of 119722.
2, 31, 1931
List the prime factors of 1520770.
2, 5, 152077
What are the prime factors of 7847724?
2, 3, 653977
What are the prime factors of 497311?
59, 8429
List the prime factors of 130348.
2, 32587
List the prime factors of 11178110.
2, 5, 1117811
What are the prime factors of 1653061?
1653061
List the prime factors of 21634282.
2, 53, 83, 2459
List the prime factors of 2673581.
211, 12671
List the prime factors of 766060.
2, 5, 38303
What are the prime factors of 8919729?
3, 7, 13, 10891
List the prime factors of 2589481.
193, 13417
List the prime factors of 1043937.
3, 193, 601
What are the prime factors of 713225?
5, 47, 607
What are the prime factors of 6527886?
2, 3, 1087981
What are the prime factors of 2639773?
2639773
List the prime factors of 33002.
2, 29, 569
List the prime factors of 100714.
2, 37, 1361
What are the prime factors of 1638173?
127, 12899
List the prime factors of 700843.
11, 13, 29
What are the prime factors of 508278?
2, 3, 84713
List the prime factors of 6688565.
5, 13, 17, 6053
List the prime factors of 14325665.
5, 23, 43, 2897
List the prime factors of 3639803.
31, 117413
List the prime factors of 211447.
353, 599
What are the prime factors of 3757881?
3, 839, 1493
What are the prime factors of 748380?
2, 3, 5, 12473
What are the prime factors of 14750490?
2, 3, 5, 337, 1459
What are the prime factors of 3099608?
2, 163, 2377
What are the prime factors of 870886?
2, 71, 6133
List the prime factors of 111517.
7, 89, 179
What are the prime factors of 7154135?
5, 37, 38671
What are the prime factors of 5450975?
5, 337, 647
List the prime factors of 236031.
3, 29, 2713
List the prime factors of 12027970.
2, 5, 421, 2857
What are the prime factors of 2620766?
2, 1310383
List the prime factors of 22222624.
2, 694457
What are the prime factors of 2907007?
89, 367
List the prime factors of 498470.
2, 5, 7, 7121
What are the prime factors of 1651226?
2, 825613
List the prime factors of 173829.
3, 57943
What are the prime factors of 337?
337
List the prime factors of 25984.
2, 7, 29
List the prime factors of 2230763.
401, 5563
List the prime factors of 30774453.
3, 71, 144481
What are the prime factors of 1015637?
7, 145091
What are the prime factors of 3330463?
257, 12959
What are the prime factors of 1013842?
2, 449, 1129
What are the prime factors of 1385130?
2, 3, 5, 46171
List the prime factors of 306611.
379, 809
What are the prime factors of 18891152?
2, 7, 31, 5441
List the prime factors of 1720265.
5, 344053
List the prime factors of 145694.
2, 97, 751
What are the prime factors of 925490?
2, 5, 19, 4871
What are the prime factors of 19602547?
17, 19, 60689
What are the prime factors of 1627615?
5, 11, 101, 293
What are the prime factors of 2505298?
2, 23, 107, 509
List the prime factors of 416150.
2, 5, 7, 29, 41
List the prime factors of 4366167.
3, 13, 111953
What are the prime factors of 6701610?
2, 3, 5, 29, 7703
List the prime factors of 1189888.
2, 7, 83
List the prime factors of 80855.
5, 103, 157
List the prime factors of 20700140.
2, 5, 1035007
What are the prime factors of 65587?
65587
What are the prime factors of 1071109?
13, 82393
What are the prime factors of 4468710?
2, 3, 5, 148957
List the prime factors of 12251527.
59, 207653
List the prime factors of 3605342.
2, 13, 23, 6029
What are the prime factors of 4830816?
2, 3, 50321
What are the prime factors of 43545?
3, 5, 2903
List the prime factors of 439125.
3, 5, 1171
List the prime factors of 38027.
11, 3457
What are the prime factors of 36281?
7, 71, 73
What are the prime factors of 113734?
2, 19, 41, 73
List the prime factors of 349591.
11, 61, 521
List the prime factors of 1385683.
13, 106591
List the prime factors of 21984893.
7, 17, 239, 773
List the prime factors of 22526751.
3, 13, 17, 61, 557
List the prime factors of 1922223.
3, 640741
What are the prime factors of 2225074?
2, 47, 23671
What are the prime factors of 7308729?
3, 812081
What are the prime factors of 4076579?
13, 313583
List the prime factors of 7154808.
2, 3, 241, 1237
List the prime factors of 266.
2, 7, 19
What are the prime factors of 2588265?
3, 5, 113, 509
List the prime factors of 1711328.
2, 53479
List the prime factors of 1054299.
3, 457, 769
What are the prime factors of 1183090?
2, 5, 193, 613
List the prime factors of 111097.
7, 59, 269
What are the prime factors of 707509?
11, 64319
List the prime factors of 200722.
2, 100361
List the prime factors of 165353.
37, 41, 109
What are the prime factors of 634772?
2, 37, 4289
List the prime factors of 964112.
2, 60257
List the prime factors of 7752769.
163, 47563
List the prime factors of 380000.
2, 5, 19
List the prime factors of 26862027.
3, 31, 288839
List the prime factors of 789005.
5, 7, 22543
What are the prime factors of 955382?
2, 41, 61, 191
What are the prime factors of 13399260?
2, 3, 5, 7, 61, 523
List the prime factors of 27135201.
3, 67, 127, 1063
What are the prime factors of 320922?
2, 3, 7, 283
What are the prime factors of 5207859?
3, 43, 13457
List the prime factors of 477719.
11, 137, 317
What are the prime factors of 12061194?
2, 3, 17, 118247
List the prime factors of 1121005.
5, 224201
List the prime factors of 1203999.
3, 47, 8539
What are the prime factors of 340339?
340339
List the prime factors of 8286695.
5, 1657339
What are the prime factors of 32146329?
3, 61, 175663
What are the prime factors of 1384929?
3, 7, 13, 19, 89
What are the prime factors of 2216533?
11, 23, 8761
List the prime factors of 2127229.
13, 163633
List the prime factors of 1420170.
2, 3, 5, 47339
List the prime factors of 3272626.
2, 7, 233759
What are the prime factors of 353629?
353629
What are the prime factors of 269212?
2, 17, 37, 107
What are the prime factors of 173491?
1734